 a?
2
Let m = 15 + -9. Suppose 0 = -2*o + m*o. Suppose 2*v + v = 2*d - 120, -2*d - 5*v + 136 = o. What is the tens digit of d?
6
Suppose -3*n = -0*n - 36. Suppose -s + 5 - n = 0. Let v(h) = -5*h + 8. What is the units digit of v(s)?
3
Let m = 1024 + -544. Suppose -43*u = -39*u - m. What is the tens digit of u?
2
Suppose -2323 = 14*f - 12725. Let i = -103 + f. What is the hundreds digit of i?
6
Suppose 4*q = -3*c + 6526, -5*c = 3*q - 1294 - 3595. Let k = q + -1144. What is the units digit of k?
9
Let p = -176 + 54. Let x = -69 - p. Suppose -4*z + 232 + 2 = 5*w, z = -4*w + x. What is the tens digit of z?
6
Let g be 6/(-15) - (1 - (-37)/(-5)). Suppose 2*c = -g, 0*z + z = 5*c - 80. What is the tens digit of 0 - (0 - z)/(-1)?
9
Suppose 0 = 3*n - 47 + 29. Let d be -6*(3 + 265/n)*-2. Suppose 0 = 5*r + i - d, 2*r - 3*i = 48 + 175. What is the tens digit of r?
1
Suppose 3*w + 5*n = 30892, -6*w + 48575 = -4*n - 13139. What is the tens digit of w?
8
Let w(m) = 5*m**3 + 12*m**2 + m - 27. Let r(q) = 6*q**3 + 13*q**2 + q - 29. Let k(v) = 4*r(v) - 5*w(v). What is the tens digit of k(-8)?
2
Suppose 2*h - 25 = -0*h - 5*x, 0 = -3*h + 4*x - 20. Suppose h = -g - 3*g + 5*r - 17, -r + 11 = 3*g. Let l(n) = 4*n**3 - 3*n + 1. What is the tens digit of l(g)?
2
Let w = -468 + 835. Suppose 0 = -365*q + w*q - 1388. What is the tens digit of q?
9
Let f(m) = -3*m**2 + 40*m + 7916. What is the hundreds digit of f(0)?
9
Let a be -1*567 - 486/(-81). Let i = -225 - a. What is the units digit of i?
6
Suppose 0 = p - 10*p - 8334. Let c = p + 1330. What is the tens digit of c?
0
Let m = -844 - -519. Let r = -200 - m. Let x = r + -68. What is the tens digit of x?
5
Let y = 49 - 51. Let m be 1/((y/40)/((-8)/16)). Suppose 0 = 2*a - 3*b - 72, -3*b + m + 2 = 0. What is the units digit of a?
2
Let y be 5 + 12/(4/(-1)). Suppose 110 = -f + y*c + 363, f + 4*c - 229 = 0. What is the units digit of f?
5
Suppose 0 = -4*l - 2*m + 4*m + 6, 5*l - 3*m - 6 = 0. Suppose q + l*r = 69 + 29, 0 = -4*q + r + 405. What is the tens digit of q?
0
Suppose 4*o = a - 41, 4*a - 14 = -5*o + 6*o. Let m(u) = -u**3 - 6*u**2 + 28*u. What is the hundreds digit of m(o)?
1
Suppose -71981 = -38*y + 137019. What is the units digit of y?
0
Suppose 0 = 2*v - g - 0 - 3, -3*g = 3*v - 18. Suppose 2*q + 1902 = 4*p - v*q, q = 2. What is the hundreds digit of p?
4
Suppose -2*x + 3*l = -1, 4*x + 3 = 2*l + 1. Let v be (x/(-2) - 1)*-4. Suppose -v*s - 21 = -m, 2*m - 5*s = -4*s + 57. What is the units digit of m?
1
Let l be 42/8 + (-2 - 42/(-24)). Suppose 2*t - 102 = -l*m, -2*m - 2*m + 104 = -4*t. What is the tens digit of m?
2
Let r be 4 - 4/12*-3. Suppose -r*g - 271 + 52 = -3*p, 2*p - 171 = -5*g. Suppose -p - 49 = -b. What is the tens digit of b?
2
Let m(j) = -734*j**3 + j**2 + 6*j + 12. What is the tens digit of m(-2)?
7
Suppose -6*l = 6 + 30. Let q be (-6 + -9)*8/l. Let j(r) = -r**3 + 19*r**2 + 24*r + 20. What is the units digit of j(q)?
0
Suppose 2*s - 4*k = 72, -s - 2*s + 4*k = -100. Let o = -54 + s. Let n = 25 - o. What is the units digit of n?
1
Let z(d) = -d**3 + 41*d**2 - 67*d - 44. Let o(r) = -25*r + 14. Let b be o(-1). What is the tens digit of z(b)?
8
Let l(y) = y**3 - 4*y**2 + 4. Let d be l(4). Suppose 0*q + q = -3*o + 130, d*o = 5*q - 745. Suppose -214*z + 215*z = q. What is the hundreds digit of z?
1
What is the ten thousands digit of 1158204/44 - ((-16)/(-64))/((-33)/24)?
2
Let j = 7485 + 4726. What is the tens digit of j?
1
What is the hundreds digit of (-4578)/105*315/(-18)?
7
Suppose -3*y + 18 = 6*y. What is the tens digit of (3/6*4)/y - -468?
6
Let a be 4/5 + 7/(-105)*-3. Suppose a = 2*b - 3. Suppose 0*r + 5*r = -b*n + 59, -51 = -3*n + 5*r. What is the tens digit of n?
2
Let h(z) = 2 - 3*z - 4 + 2 + 2. Let a be h(-1). Let b(l) = -l**3 + 8*l**2 - 3*l + 4. What is the tens digit of b(a)?
6
Suppose 15*k = q + 12*k - 28055, 0 = -4*k - 20. What is the tens digit of q?
4
Suppose 4 + 0 = u. Let h(q) = 35*q - 29. Let j(n) = -n + 4. Let p(d) = 2*h(d) + 10*j(d). What is the hundreds digit of p(u)?
2
Suppose -5*i = -4*j + 23, 2*i - 12 = -3*j + 4*i. Let l(d) = 89*d**3 - d**2 + 3*d - 5. What is the units digit of l(j)?
9
Let o = -2614 + 1230. Let h = 2645 + o. What is the hundreds digit of h?
2
Suppose 4*x = 3*o - 47, 50 = -5*x - 3*o + 5*o. Let m(b) = 4*b**2 - 8*b - 21. What is the tens digit of m(x)?
9
Let t be (-20)/(-2)*2/(-5). Let n(h) = -h**2 - 3*h + 8. Let c be n(t). Suppose -m + 0*m - 212 = -4*d, c*m - 36 = -d. What is the units digit of d?
2
Let c be -1 + (-1 - 11)/(-4). Let l be c/((-5)/(-4)*2/215). Let p = l + -94. What is the units digit of p?
8
Let j(z) = -z**3 + 2*z**2 - 5*z + 1. Let q be j(8). Let p = 635 + q. What is the units digit of p?
2
Let q(o) = 521*o - 2118. What is the units digit of q(37)?
9
Suppose -4*c = 2*f - 1524, 17*f + 1524 = 4*c + 22*f. Let o = -6 + 9. Suppose 8*r = o*r + 2*z + c, -2*r + 3*z = -148. What is the tens digit of r?
7
Let h(r) = -4*r**3 - 3*r**2 - 10*r - 14. Suppose -2*n - 5*l = 21, -3*l = 19 - 10. What is the tens digit of h(n)?
9
Suppose 0 = 5*x - b - 48838, -x - 110*b = -107*b - 9758. What is the tens digit of x?
6
Let k(f) = 17*f**3 - 3*f**2 - 28*f + 152. What is the hundreds digit of k(8)?
4
Let w(k) = -8*k**2 - 35*k - 31. Let m(t) = 25*t**2 + 102*t + 94. Let v(q) = -2*m(q) - 7*w(q). What is the units digit of v(-13)?
0
Let d be 3*((-16)/3)/(-4) + 0. Suppose -2*i = -d*i - 8, -3*g + 2*i - 34 = 0. Let o = 34 + g. What is the tens digit of o?
2
What is the thousands digit of (-10)/2 + 15270/((-120)/(-12))?
1
Suppose -12*w - 645 = -27*w. Suppose -w*p + 38*p + 245 = 0. What is the units digit of p?
9
Suppose p + 3*b = -4*p + 67838, -40706 = -3*p - 5*b. What is the hundreds digit of p?
5
Let s = -50 + 56. Suppose -1 = 5*f - s*f. What is the units digit of (-2)/f*-1 - -55?
7
Let u(l) = -20 + 4*l - 71*l**2 - l + 3*l + 6*l + 102*l**2. What is the hundreds digit of u(-6)?
0
Let q = -98 + 143. Suppose -4*g + 5*s - 5 = 0, -s = 5*g + 3*s - q. Suppose g*h = -a + 158, 2*h + 3*h - a - 162 = 0. What is the tens digit of h?
3
Suppose 0 = 4*v - 2*y - 310, y = -9*v + 6*v + 240. Suppose -t = -r - v - 232, -5*r = t - 341. What is the units digit of t?
6
Let i(a) = 88*a**2 + a + 40. Let h be i(-5). Suppose -909 - h = -6*w. What is the hundreds digit of w?
5
Suppose -g + 6834 = 4*p, -20550 = -2*g + 3*p - 6816. What is the thousands digit of g?
6
Let d = 1398 + -578. Suppose 0 = 4*m - v - d, -12 = v + 2*v. What is the units digit of m?
4
Let i = -28200 - -53067. What is the thousands digit of i?
4
Let u = 2561 - -6493. What is the units digit of u?
4
Let b(q) = -q + 9. Let c be b(6). Let f be (4/18)/1 + -16 + 8024/18. Suppose 3*y + 5*i = f, -c*y + 144 = 3*i - 282. What is the hundreds digit of y?
1
Suppose 2*i - b + 1 = 0, -26 = -3*i - 2*b - 2*b. Let m = 36 + i. Suppose -2*g - r + 23 = 2*r, 2*g - 2*r - m = 0. What is the units digit of g?
6
Suppose 5*j - 3*y = 88136, -836*y = 3*j - 837*y - 52884. What is the thousands digit of j?
7
Suppose 2*g = 2440 + 12480. What is the hundreds digit of g?
4
Let p(l) = -8*l - 36. Let c be p(-5). What is the hundreds digit of c/6*(-4374)/(-12)?
2
What is the units digit of 5*(31/(-10))/((-7)/5222)?
3
Let d be (2 - (0 - 0))/(8/20). Suppose -4*v = -n, d*n = 4*v - 7*v. Suppose -413 = -3*a - q, a + v*q = -3*q + 135. What is the tens digit of a?
3
Let r = -14 + 140. Suppose 0 = 43*h - 6*h + 37. What is the units digit of (r/(-6))/(h/6)?
6
Let j be -4 + 372/(6/(-1)). What is the units digit of j/(-231) + 8174/7?
8
Let k be 1 + -2 - (-6 + -1481 + 1). Let g = k - 691. What is the units digit of g?
4
Let p(v) = 24*v**2 - v - 1. Let b be p(-1). Let f = 142 + -140. What is the tens digit of 540/b + 3/f?
2
Let k(f) = 6*f - 40. Let c be k(7). Suppose 4*m + 985 + 2110 = 5*g, c*g = 2*m + 1240. What is the tens digit of g?
1
Suppose 4*d + 2*x - 14938 - 19988 = 0, -4*x - 43677 = -5*d. What is the units digit of d?
3
What is the thousands digit of ((-16)/1)/((-41395)/(-2300) + -18)?
7
What is the units digit of ((-404)/44 - -9) + 165039/33?
1
Let g(q) = -1314*q. Let d be g(1). Let z be d/(-9)*1/2. Suppose 5*f = -4*i + 212, -i - 5*f + z = 5. What is the units digit of i?
8
Let v be 1580/50*(-1 + 6). Let y = 83 - v. Let j = y - -136. What is the tens digit of j?
6
Let x(j) = -19*j**